hat is the millions digit of 13900606?
3
What is the ten thousands digit of 1126749?
2
What is the tens digit of 2140271?
7
What is the units digit of 1117852?
2
What is the hundred thousands digit of 5703543?
7
What is the hundreds digit of 76255?
2
What is the tens digit of 19619072?
7
What is the thousands digit of 71080?
1
What is the hundred thousands digit of 12348042?
3
What is the ten thousands digit of 3371088?
7
What is the thousands digit of 295445?
5
What is the thousands digit of 5821887?
1
What is the thousands digit of 6940632?
0
What is the hundred thousands digit of 597214?
5
What is the thousands digit of 759887?
9
What is the units digit of 13180306?
6
What is the tens digit of 759319?
1
What is the thousands digit of 831218?
1
What is the millions digit of 1400767?
1
What is the thousands digit of 239416?
9
What is the tens digit of 1000463?
6
What is the units digit of 156300?
0
What is the thousands digit of 466094?
6
What is the ten thousands digit of 38840929?
4
What is the millions digit of 4686368?
4
What is the units digit of 1079796?
6
What is the thousands digit of 3972415?
2
What is the units digit of 3899849?
9
What is the hundreds digit of 232133?
1
What is the thousands digit of 15935?
5
What is the units digit of 221518?
8
What is the hundred thousands digit of 40404301?
4
What is the hundred thousands digit of 4413970?
4
What is the ten thousands digit of 1210640?
1
What is the tens digit of 781738?
3
What is the hundred thousands digit of 408147?
4
What is the tens digit of 12956031?
3
What is the units digit of 927318?
8
What is the millions digit of 4824403?
4
What is the hundreds digit of 485775?
7
What is the tens digit of 7657750?
5
What is the units digit of 5272328?
8
What is the hundreds digit of 1216830?
8
What is the ten thousands digit of 446398?
4
What is the units digit of 4516659?
9
What is the ten thousands digit of 4349541?
4
What is the hundreds digit of 3606430?
4
What is the units digit of 183287?
7
What is the tens digit of 2039?
3
What is the units digit of 1556544?
4
What is the units digit of 342945?
5
What is the hundreds digit of 2894676?
6
What is the tens digit of 14467117?
1
What is the ten thousands digit of 17106117?
0
What is the units digit of 763479?
9
What is the hundreds digit of 1739473?
4
What is the hundreds digit of 8714207?
2
What is the hundreds digit of 5420910?
9
What is the ten thousands digit of 1499429?
9
What is the ten thousands digit of 8854533?
5
What is the hundreds digit of 4958995?
9
What is the thousands digit of 15958130?
8
What is the tens digit of 4409004?
0
What is the units digit of 9974856?
6
What is the ten thousands digit of 881195?
8
What is the ten thousands digit of 231933?
3
What is the hundreds digit of 13834113?
1
What is the hundred thousands digit of 1401207?
4
What is the ten thousands digit of 580520?
8
What is the units digit of 497050?
0
What is the units digit of 81817?
7
What is the units digit of 40828?
8
What is the ten thousands digit of 75404?
7
What is the hundred thousands digit of 242198?
2
What is the hundred thousands digit of 495251?
4
What is the ten thousands digit of 253906?
5
What is the ten millions digit of 17761022?
1
What is the thousands digit of 5402949?
2
What is the ten thousands digit of 17048821?
4
What is the ten thousands digit of 726206?
2
What is the units digit of 20741?
1
What is the ten thousands digit of 2204949?
0
What is the ten thousands digit of 18633623?
3
What is the units digit of 2695469?
9
What is the thousands digit of 8884843?
4
What is the hundreds digit of 7617345?
3
What is the hundreds digit of 1419898?
8
What is the thousands digit of 2267457?
7
What is the units digit of 30411?
1
What is the thousands digit of 231200?
1
What is the units digit of 211474?
4
What is the units digit of 1110064?
4
What is the units digit of 21882427?
7
What is the ten thousands digit of 47996?
4
What is the units digit of 2735095?
5
What is the tens digit of 1303914?
1
What is the ten thousands digit of 623375?
2
What is the thousands digit of 416990?
6
What is the tens digit of 2048334?
3
What is the tens digit of 1370301?
0
What is the thousands digit of 8198206?
8
What is the hundreds digit of 53641?
6
What is the hundreds digit of 1648002?
0
What is the millions digit of 4615796?
4
What is the hundred thousands digit of 590716?
5
What is the hundred thousands digit of 755729?
7
What is the millions digit of 3395821?
3
What is the hundreds digit of 672545?
5
What is the tens digit of 377857?
5
What is the hundreds digit of 5587324?
3
What is the ten millions digit of 28856907?
2
What is the hundred thousands digit of 615061?
6
What is the millions digit of 2032246?
2
What is the thousands digit of 19258322?
8
What is the tens digit of 2290913?
1
What is the units digit of 5723273?
3
What is the ten millions digit of 13748560?
1
What is the hundreds digit of 1430005?
0
What is the millions digit of 1482787?
1
What is the units digit of 14078820?
0
What is the ten thousands digit of 1820290?
2
What is the hundred thousands digit of 212678?
2
What is the hundred thousands digit of 13837235?
8
What is the thousands digit of 7304856?
4
What is the thousands digit of 66118?
6
What is the ten thousands digit of 86446?
8
What is the hundred thousands digit of 6534993?
5
What is the units digit of 1000984?
4
What is the thousands digit of 7519993?
9
What is the tens digit of 217920?
2
What is the hundreds digit of 296980?
9
What is the ten millions digit of 22586491?
2
What is the tens digit of 73529?
2
What is the thousands digit of 12484895?
4
What is the units digit of 3457141?
1
What is the tens digit of 34224?
2
What is the hundred thousands digit of 12890717?
8
What is the thousands digit of 894068?
4
What is the units digit of 530536?
6
What is the tens digit of 674507?
0
What is the hundreds digit of 445343?
3
What is the tens digit of 1658129?
2
What is the units digit of 324363?
3
What is the ten thousands digit of 11302?
1
What is the ten thousands digit of 998192?
9
What is the millions digit of 9024944?
9
What is the units digit of 200413?
3
What is the hundred thousands digit of 1592467?
5
What is the tens digit of 506565?
6
What is the thousands digit of 2585580?
5
What is the ten thousands digit of 1385936?
8
What is the hundreds digit of 4887790?
7
What is the tens digit of 6124800?
0
What is the units digit of 5665671?
1
What is the tens digit of 2012204?
0
What is the hundreds digit of 13062799?
7
What is the tens digit of 687608?
0
What is the tens digit of 8592146?
4
What is the units digit of 3043682?
2
What is the tens digit of 545595?
9
What is the ten thousands digit of 300030?
0
What is the units digit of 41217?
7
What is the ten thousands digit of 92545?
9
What is the hundred thousands digit of 137601?
1
What is the hundreds digit of 17237486?
4
What is the units digit of 1671780?
0
What is the thousands digit of 51727?
1
What is the thousands digit of 2019816?
9
What is the millions digit of 6708491?
6
What is the units digit of 10039517?
7
What is the hundreds digit of 32332823?
8
What is the tens digit of 2422413?
1
What is the hundred thousands digit of 105080?
1
What is the hundred thousands digit of 340404?
3
What is the hundreds digit of 212693?
6
What is the thousands digit of 5451748?
1
What is the thousands digit of 198652?
8
What is the hundred thousands digit of 1778830?
7
What is the units digit of 289924?
4
What is the hundred thousands digit of 6063480?
0
What is the hundreds digit of 417677?
6
What is the tens digit of 65842?
4
What is the units digit of 42782?
2
What is the ten thousands digit of 20321413?
2
What is the hundred thousands digit of 5288012?
2
What is the hundred thousands digit of 1390449?
3
What is the hundred thousands digit of 4666453?
6
What is the hundred thousands digit of 1091701?
0
What is the thousands digit of 4048166?
8
What is the hundreds digit of 1865893?
8
What is the hundred thousands digit of 1767328?
7
What is the thousands digit of 8384210?
4
What is the millions digit of 3917152?
3
What is the tens digit of 418793?
9
What is the millions digit of 6332895?
6
What is the thousands digit of 15584719?
4
What is the thousands digit of